18
Let y be (-4)/(-18) - (-406)/(-126). What is the remainder when 2 - (-18)/y - -41 is divided by 19?
18
Let l(u) = 0 - 11 - u**3 + 7 - 11*u**2 - u - u. What is the remainder when l(-11) is divided by 7?
4
Let h be 2/6 - (-2)/(-6). Suppose 4*n - n - 147 = h. Let j = 482 - 469. What is the remainder when n is divided by j?
10
Suppose -3*y = -0*a - 5*a - 56, -2*y = 5*a - 54. Suppose -2*l = -22 + 6. Calculate the remainder when y is divided by l.
6
Let w(o) = -o**2 + 9*o + 3. Let n(k) = -2*k**3 + 7*k**2 - 5*k + 2. Let y be n(4). Let q = -22 - y. What is the remainder when w(4) is divided by q?
11
Let t(i) = i + i**2 - 6 - 2 - 6. Let u be t(0). Let d = 22 + u. Calculate the remainder when d is divided by 3.
2
Let v(k) be the first derivative of -4*k**2 - 3*k + 6. Calculate the remainder when v(-6) is divided by 16.
13
Let h = 16 + -28. Calculate the remainder when h/(-1*(-6)/(-63)) is divided by 32.
30
Let t = -6 + 11. What is the remainder when 7/(3/(3 - 0)) is divided by t?
2
Let m be (1 + -2 + -4)*1. Let p be -6*(30/9)/m. Suppose 4*y - p*v = v + 45, 2*y = -v + 19. What is the remainder when y is divided by 3?
1
Suppose a = -5*b + 4*a + 21, -3*b = a - 21. Let j(c) = -c**2 + c + 3. Let h be j(0). Calculate the remainder when 7 is divided by h + b/(-3) + 2.
1
Let w = 294 + -277. Let h = 62 + -14. What is the remainder when h is divided by w?
14
Let u = 101 + -48. Let v = 91 - u. Calculate the remainder when v is divided by 14.
10
Let j = -2 - -2. Suppose q + 5*o + 0*o = 26, j = 4*o - 20. Calculate the remainder when 38*q + 2 + 0 is divided by 14.
12
Let d be 11 - (-2 + 5)/3. Let o = d + 73. Let j = o + -9. Calculate the remainder when j is divided by 25.
24
Let f = 5 - 9. Let c be (-5)/(-15) + 10/(-3). Let d = c - f. What is the remainder when 1 is divided by d?
0
Suppose -2*t + 10 = -3*s, -t + 4*t - 4*s - 14 = 0. Suppose 3*b = t*b + 33. Let k = b - 13. What is the remainder when k is divided by 11?
9
Suppose 2*k - 3*u = -2*k - 40, 0 = -5*k - 4*u - 81. Let j = 6 - k. Calculate the remainder when 55 is divided by j.
17
Let n(j) = 10*j. Calculate the remainder when n(1) is divided by 2*4/(-24)*-18.
4
Let d(n) = -n**3 + 7*n**2 + 7*n + 7. Suppose 5*k - z - 42 = 0, 2*k + 3*k + 5*z - 30 = 0. Let w be d(k). What is the remainder when 10*(w + 6/4) is divided by 3?
2
Let s(j) = 4*j**2 - j - 5. What is the remainder when 2/(-9) - (-688)/18 is divided by s(-2)?
12
Let x(b) = b**2 - b - 4. What is the remainder when 49 is divided by x(-5)?
23
Let m(t) = t**3 + 7*t**2 - 4*t - 5. Let w(d) = -d**3 - d - 1. Let a(r) = -m(r) - 2*w(r). What is the remainder when 25 is divided by a(6)?
4
Let s = -48 + 67. Suppose 4*k + s = 5*k. What is the remainder when 74 is divided by k?
17
Let p(a) = -4*a + 1. What is the remainder when 17 is divided by p(-1)?
2
Suppose -2*j - 4*y = -14, 0*j - 1 = -3*j + 4*y. Let x = -2 - -4. What is the remainder when j is divided by x?
1
Let v(i) = -i**3 + 6*i**2 + 7*i - 4. What is the remainder when v(6) is divided by 20?
18
Suppose -5*z + y = -y - 43, 23 = 3*z - 4*y. Let f(a) = 2*a. What is the remainder when 35 is divided by f(z)?
17
Calculate the remainder when 82 is divided by 48/2 - (-9 + 6 - 1).
26
Let o be -1 + (138 - 2)/2. Let v = o + -47. Let w = v - 9. Calculate the remainder when 21 is divided by w.
10
Let l = 40 + -17. Let y(v) = -2*v - 14. Calculate the remainder when l is divided by y(-11).
7
Let k(c) = -c**3 + 14*c**2 + 18*c - 30. What is the remainder when 72 is divided by k(15)?
12
Let c be (0 - -1)/(1/3). Suppose 4*r = c*a + 65, a = -r + 3*a + 15. Calculate the remainder when r is divided by (-345)/(-39) + ((-111)/39 - -3).
8
Suppose -7*p = -345 - 152. Calculate the remainder when p is divided by 15.
11
Suppose -2*v + v = -y, 4*v - 3*y - 5 = 0. Suppose -m + v = -18. Suppose -23 = -t + 3*g, 3*t + 2*g - 7 = 7. Calculate the remainder when m is divided by t.
7
Suppose -3*g - 15 = -2*y, -y + 2*g - 6*g - 9 = 0. Suppose -5*d = 2*h - 295, y*d = -4*h - 126 + 303. Calculate the remainder when d is divided by 15.
14
Suppose 0*i - 3*i + 31 = -4*p, 4*i - 4*p - 36 = 0. Let u = 15 + -3. What is the remainder when u is divided by i?
2
Let j(m) = -m**2 - 11*m - 6. Let f be j(-10). Calculate the remainder when 0/(-2 + f) + 8 is divided by 5.
3
Let p be 3/((-2)/28*-3). Let c be -2*2/2*-1. Suppose -3*z + 2*z + 3*b + p = 0, -5*b - 25 = -c*z. Calculate the remainder when 13 is divided by z.
3
Suppose -31 = 2*u - 79. Let q(w) = 9*w**3 - 2*w**2 + 1. Let y be q(1). Suppose y = -4*r + 60. Calculate the remainder when u is divided by r.
11
Suppose 51 = 5*t - 2*t. Let i = 142 - 92. What is the remainder when i is divided by t?
16
Calculate the remainder when 1*2 - (-36)/6 is divided by 5.
3
Let j(l) be the second derivative of l**3/6 + l**2 - l. Let m be j(-2). Suppose -2 + m = -2*n. Calculate the remainder when 2 is divided by n.
0
Suppose 3*g - 34 = -3*q + 50, -116 = -5*g + 3*q. Let y(n) = n**2 + 5*n + 1. Calculate the remainder when g is divided by y(-6).
4
Suppose -2*d = 2*d - 8. Let q be 1/2*d*5. Suppose -2*s + 32 = -3*v, q*v + 0*v - 29 = -s. What is the remainder when s is divided by 10?
9
Let h(r) = -r**2 + 11*r - 8. Let s be h(6). Suppose 4*q - s = 14. Calculate the remainder when 33 is divided by q.
6
Let h = 5 + -7. What is the remainder when 3/(-1 + h)*-38 is divided by 10?
8
Let s = 16 - 6. What is the remainder when 35 is divided by s?
5
What is the remainder when 95 is divided by -4 - (-29 + -1) - 1?
20
Let o(d) = -d + 32. Let j = -22 + 33. What is the remainder when o(0) is divided by j?
10
Suppose -35 = -5*b - 10. Suppose 9 = 3*t - 0*t + 3*u, 0 = t - b*u - 3. Calculate the remainder when t is divided by 2.
1
Suppose -4*y + 156 = 4*t, -11 = 4*t + 5. Let o(c) = 4*c**2 + 5*c + 2. Calculate the remainder when y is divided by o(-3).
20
Suppose 5*d + d = 72. Calculate the remainder when d is divided by 7.
5
Let a be (-1)/(((-3)/2)/3). Suppose -20 - 60 = -a*p. Calculate the remainder when p is divided by 14.
12
What is the remainder when 13 is divided by (8/16)/((-2)/(-32))?
5
Suppose 53 + 59 = 4*w. Let v be 1*(-9)/((-9)/(-3)). Let b = 7 - v. What is the remainder when w is divided by b?
8
Let i = -1 - -11. Let k = 0 - -1. What is the remainder when i is divided by 5/k*3/5?
1
Let q(w) = 2*w + 1. Let k be q(2). Suppose 0 = -3*h + 2*a - 0 + 36, -2*h + 13 = -k*a. Calculate the remainder when 67 is divided by h.
11
Suppose -k = -4*k - 3*l + 27, 5*k + 4*l - 50 = 0. Calculate the remainder when 14 is divided by k/3 + 6/(-9).
2
Suppose 3*k - 28 = 5*n, 1 - 6 = -5*k. Let q = -1 - n. Calculate the remainder when 14 is divided by q.
2
Calculate the remainder when 37 is divided by (3 - -1)/((-3)/(-6)).
5
Let n(d) = 81*d + 1. Let m be n(1). Suppose 3*s + 2*t + 2*t = 86, -3*s + m = 2*t. What is the remainder when s is divided by 9?
8
Suppose 5*h = -3*w + 26, 2 + 8 = h + 3*w. Let c = h - -4. What is the remainder when 13 is divided by c?
5
Suppose 4*i = 8*i. Let w = 29 + 11. Let y = w + i. Calculate the remainder when y is divided by 14.
12
Suppose 7*s - 202 - 372 = 0. What is the remainder when s is divided by 17?
14
Suppose 0 = -0*b - 3*b + 69. Suppose 0 = h + 3*h + 12. Calculate the remainder when b is divided by (4/h)/(10/(-90)).
11
Suppose 0 = 3*l + 9, -3*p - 3*l + 5*l + 126 = 0. Suppose 2*c - 3*w - 27 = 0, -2*w - 2*w = -c + 1. What is the remainder when p is divided by c?
19
Let o(k) = 9*k**3 - k. Let l be o(1). Suppose 4*c + 5*s = l*c - 32, -s = -4*c + 48. What is the remainder when 37 is divided by c?
11
Let m(i) = 2*i**2 - 4*i + 2. Let n be m(2). Suppose -5*b - 10 = n*g + 2*g, 4*b - 4*g + 44 = 0. Let k = 17 + b. Calculate the remainder when 21 is divided by k.
10
Suppose 8*w = 5*w + 30. What is the remainder when w is divided by 4?
2
Let t = 159 + -76. Calculate the remainder when t is divided by 14.
13
Let g(v) = -v**3 - 3*v**2 - 3*v - 1. Calculate the remainder when 160 is divided by g(-4).
25
What is the remainder when 79/2 - 3/6 is divided by 14?
11
Suppose -5*t - 35 = -5*n, 0 = -0*n - 3*n + t + 31. Calculate the remainder when 44 is divided by n.
8
What is the remainder when 60 + 4/(8/(-4)) is divided by 20?
18
Let o = 65 - 41. Let j(i) = 3*i**3 - 3*i**2 + i - 1. Let a be j(2). Suppose -2*q - a = -3*q. Calculate the remainder when o is d